base 2
-1011101
Convert b (base 13) to base 11.
10
What is -1 (base 3) in base 2?
-1
Convert 27 (base 15) to base 2.
100101
Convert 5 (base 10) to base 8.
5
-7f (base 16) to base 7
-241
Convert -100000 (base 2) to base 6.
-52
What is 114 (base 9) in base 7?
163
-2 (base 14) to base 8
-2
What is 2 (base 12) in base 2?
10
Convert -2 (base 11) to base 3.
-2
What is -20 (base 4) in base 10?
-8
Convert 221 (base 3) to base 2.
11001
Convert -133 (base 6) to base 9.
-63
-123 (base 9) to base 7
-204
What is -10 (base 6) in base 12?
-6
24 (base 9) to base 4
112
Convert -20 (base 3) to base 4.
-12
What is 364 (base 8) in base 2?
11110100
What is 166 (base 7) in base 2?
1100001
Convert 31 (base 11) to base 5.
114
What is -52 (base 10) in base 9?
-57
What is 10 (base 11) in base 13?
b
What is 0 (base 16) in base 5?
0
-5 (base 12) to base 7
-5
What is 18 (base 12) in base 3?
202
-206 (base 13) to base 7
-1001
Convert -10 (base 4) to base 13.
-4
What is -5 (base 15) in base 4?
-11
What is 100211 (base 3) in base 15?
12a
Convert -1 (base 14) to base 10.
-1
Convert -114 (base 5) to base 9.
-37
Convert -247 (base 10) to base 5.
-1442
2f (base 16) to base 4
233
What is 352 (base 9) in base 6?
1202
What is 19 (base 15) in base 13?
1b
16 (base 12) to base 16
12
73 (base 8) to base 2
111011
What is 0 (base 13) in base 10?
0
What is 140 (base 5) in base 12?
39
101212 (base 3) to base 13
197
What is 221 (base 12) in base 10?
313
Convert 14 (base 7) to base 2.
1011
-b (base 16) to base 15
-b
What is -36 (base 8) in base 5?
-110
Convert 440 (base 7) to base 14.
120
1 (base 9) to base 13
1
120 (base 9) to base 2
1100011
-5 (base 16) to base 2
-101
What is -9a (base 16) in base 6?
-414
Convert -1032 (base 4) to base 12.
-66
100 (base 2) to base 15
4
What is 5 (base 6) in base 11?
5
Convert 3 (base 9) to base 12.
3
What is -1011 (base 3) in base 8?
-37
-3a (base 12) to base 4
-232
-21001 (base 3) to base 10
-190
-155 (base 7) to base 4
-1121
What is -2 (base 7) in base 14?
-2
-2223 (base 4) to base 13
-102
Convert -6 (base 8) to base 15.
-6
What is 1 (base 6) in base 14?
1
What is 15 (base 15) in base 10?
20
What is b (base 15) in base 14?
b
What is 4b (base 14) in base 5?
232
-3 (base 7) to base 12
-3
What is -555 (base 6) in base 10?
-215
Convert 223 (base 5) to base 7.
120
Convert 1000000 (base 2) to base 4.
1000
-101 (base 3) to base 5
-20
-5 (base 14) to base 7
-5
10001 (base 2) to base 15
12
-330 (base 4) to base 6
-140
What is 7 (base 13) in base 12?
7
1100 (base 2) to base 16
c
What is a (base 14) in base 2?
1010
4 (base 11) to base 4
10
-1254 (base 6) to base 3
-102221
What is -51 (base 8) in base 2?
-101001
Convert 1001 (base 3) to base 11.
26
-1110 (base 2) to base 7
-20
-110 (base 2) to base 11
-6
Convert -5 (base 7) to base 6.
-5
31 (base 14) to base 6
111
-12 (base 7) to base 11
-9
What is -10 (base 16) in base 6?
-24
Convert 5 (base 12) to base 7.
5
Convert 99 (base 10) to base 5.
344
What is -23 (base 5) in base 4?
-31
Convert 23 (base 10) to base 13.
1a
-61 (base 10) to base 4
-331
What is -34 (base 16) in base 14?
-3a
0 (base 8) to base 11
0
82 (base 12) to base 13
77
What is 20 (base 9) in base 11?
17
2 (base 16) to base 11
2
Convert 6 (base 14) to base 11.
6
15 (base 15) to base 7
26
What is 0 (base 9) in base 5?
0
What is 28 (base 11) in base 7?
42
13 (base 12) to base 13
12
Convert 26 (base 8) to base 11.
20
What is 10 (base 9) in base 7?
12
Convert 4 (base 5) to base 8.
4
-1 (base 4) to base 16
-1
What is 1111000 (base 2) in base 12?
a0
Convert 1330 (base 5) to base 16.
d7
Convert 0 (base 2) to base 9.
0
What is -14 (base 8) in base 4?
-30
What is -35 (base 9) in base 2?
-100000
Convert -321 (base 5) to base 7.
-152
-4a (base 11) to base 12
-46
Convert -35 (base 6) to base 11.
-21
-3 (base 6) to base 12
-3
-74 (base 9) to base 5
-232
-2 (base 12) to base 4
-2
Convert -2 (base 8) to base 3.
-2
Convert -34 (base 13) to base 5.
-133
What is 40 (base 15) in base 10?
60
What is 3 (base 15) in base 9?
3
243 (base 8) to base 7
322
Convert -3 (base 6) to base 12.
-3
Convert 124 (base 5) to base 3.
1110
What is -156 (base 8) in base 3?
-11002
-16 (base 10) to base 9
-17
Convert -18a (base 12) to base 14.
-13c
Convert -22 (base 6) to base 11.
-13
What is 4 (base 7) in base 9?
4
Convert -257 (base 8) to base 7.
-340
What is -11000 (base 2) in base 16?
-18
What is 22 (base 11) in base 4?
120
Convert -5 (base 10) to base 8.
-5
Convert 0 (base 7) to base 13.
0
Convert 11 (base 8) to base 10.
9
Convert 3203 (base 4) to base 13.
146
Convert 8 (base 12) to base 13.
8
-113 (base 14) to base 4
-3111
Convert -67 (base 8) to base 3.
-2001
-3120 (base 4) to base 5
-1331
Convert -7 (base 16) to base 5.
-12
Convert -15 (base 13) to base 11.
-17
20 (base 5) to base 15
a
-1 (base 15) to base 9
-1
Convert 29 (base 16) to base 14.
2d
Convert 22 (base 9) to base 5.
40
What is 3 (base 16) in base 13?
3
What is 3 (base 16) in base 10?
3
Convert -35 (base 16) to base 4.
-311
Convert 5 (base 6) to base 5.
10
1 (base 6) to base 2
1
Convert -69 (base 11) to base 15.
-50
What is 32 (base 11) in base 4?
203
21 (base 4) to base 11
9
What is 4 (base 7) in base 13?
4
What is -1010001 (base 2) in base 16?
-51
Convert -a (base 16) to base 9.
-11
What is -22 (base 16) in base 15?
-24
What is -b (base 14) in base 12?
-b
3 (base 11) to base 3
10
1 (base 13) to base 11
1
Convert 113 (base 5) to base 2.
100001
67 (base 13) to base 16
55
What is -100 (base 4) in base 6?
-24
Convert 2 (base 8) to base 3.
2
Convert -71 (base 9) to base 5.
-224
Convert 25 (base 9) to base 6.
35
1202 (base 3) to base 2
101111
cd (base 16) to base 10
205
29 (base 16) to base 3
1112
What is -4 (base 14) in base 13?
-4
24 (base 14) to base 8
40
Convert -e (base 16) to base 12.
-12
-34 (base 15) to base 6
-121
What is 2 (base 14) in base 11?
2
What is 2 (base 16) in base 3?
2
Convert 11 (base 3) to base 11.
4
1 (base 4) to base 5
1
What is 1211 (base 3) in base 12?
41
What is -22 (base 5) in base 2?
-1100
Convert 212 (base 4) to base 6.
102
What is -10 (base 15) in base 12?
-13
2 (base 11) to base 12
2
What is 11 (base 2) in base 6?
3
Convert -1 (base 11) to base 3.
-1
Convert -1 (base 7) to base 2.
-1
-5d (base 14) to base 5
-313
11011 (base 2) to base 5
102
-101 (base 10) to base 8
-145
What is -14 (base 9) in base 12?
-11
-1 (base 5) to base 13
-1
What is -1003 (base 4) in base 2?
-1000011
Convert 2 (base 11) to base 3.
2
Convert -2 (base 12) to base 5.
-2
What is -71 (base 8) in base 11?
-52
-5 (base 11) to base 13
-5
Convert 1 (base 3) to base 11.
1
323 (base 5) to base 4
1120
Convert 0 (base 5) to base 10.
0
Convert -2 (base 4) to base 10.
-2
0 (base 5) to base 11
0
What is 6 (base 10) in base 8?
6
What is 3 (base 8) in base 15?
3
What is 20 (base 7) in base 8?
16
Convert 32 (base 10) to base 5.
112
-5 (base 14) to base 5
-10
Convert 110 (base 5) to base 13.
24
57 (base 13) to base 2
1001000
What is -11 (base 5) in base 6?
-10
What is -1100 (base 2) in base 5?
-22
What is a (base 15) in base 11?
a
What is 4 (base 14) in base 11?
4
What is 0 (base 5) in base 2?
0
Convert 14 (base 7) to base 13.
b
-1 (base 8) to base 9
-1
-2 (base 6) to base 5
-2
Convert 133 (base 10) to base 2.
10000101
What is 0 (base 7) in base 2?
0
What is -143 (base 9) in base 4?
-1320
Convert -115 (base 7) to base 5.
-221
What is -11 (base 2) in base 10?
-3
What is 1111000 (base 2) in base 5?
440
What is -33 (base 9) in base 11?
-28
Convert 2 (base 4) to base 2.
10
-211 (base 3) to base 15
-17
What is 10 (base 14) in base 9?
15
What is 112 (base 4) in base 3?
211
Convert 1001100 (base 2) to base 16.
4c
Convert -3 (base 16) to base 7.
-3
What is -1 (base 2) in base 5?
-1
-200 (base 7) to base 12
-82
Convert 1 (base 14) to base 13.
1
Convert -5 (base 12) to base 14.
-5
What is -20 (base 3) in base 11?
-6
-12 (base 5) to base 13
-7
What is -3 (base 15) in base 3?
-10
Convert -5 (base 12) to base 4.
-11
Convert -2 (base 14) to base 12.
-2
What is -2 (base 4) in base 12?
-2
-138 (base 10) to base 14
-9c
2000 (base 3) to base 12
46
16 (base 11) to base 15
12
-1110 (base 2) to base 8
-16
Convert 20 (base 7) to base 8.
16
Convert -112 (base 4) to base 7.
-31
What is -a (base 15) in base 8?
-12
What is -2d (base 14) in base 9?
-45
55 (base 16) to 